{"id":203,"date":"2021-07-08T16:23:07","date_gmt":"2021-07-08T19:23:07","guid":{"rendered":"https:\/\/bmmlaw.adv.br\/?page_id=203"},"modified":"2021-11-25T16:35:12","modified_gmt":"2021-11-25T19:35:12","slug":"a-era-digital-e-as-redes-sociais-proscenio-dos-apedeutas","status":"publish","type":"page","link":"https:\/\/bmmlaw.adv.br\/en\/a-era-digital-e-as-redes-sociais-proscenio-dos-apedeutas\/","title":{"rendered":"A era digital e as redes sociais &#8211; prosc\u00eanio dos apedeutas"},"content":{"rendered":"<div data-elementor-type=\"wp-page\" data-elementor-id=\"203\" class=\"elementor elementor-203\">\n\t\t\t\t\t\t<section class=\"elementor-section elementor-top-section elementor-element elementor-element-948572c elementor-section-boxed elementor-section-height-default elementor-section-height-default\" data-id=\"948572c\" data-element_type=\"section\" data-e-type=\"section\">\n\t\t\t\t\t\t<div class=\"elementor-container elementor-column-gap-default\">\n\t\t\t\t\t<div class=\"elementor-column elementor-col-100 elementor-top-column elementor-element elementor-element-eb9722d\" data-id=\"eb9722d\" data-element_type=\"column\" data-e-type=\"column\">\n\t\t\t<div class=\"elementor-widget-wrap\">\n\t\t\t\t\t\t\t<\/div>\n\t\t<\/div>\n\t\t\t\t\t<\/div>\n\t\t<\/section>\n\t\t\t\t<section class=\"elementor-section elementor-top-section elementor-element elementor-element-bbbc554 elementor-section-boxed elementor-section-height-default elementor-section-height-default\" data-id=\"bbbc554\" data-element_type=\"section\" data-e-type=\"section\">\n\t\t\t\t\t\t<div class=\"elementor-container elementor-column-gap-default\">\n\t\t\t\t\t<div class=\"elementor-column elementor-col-100 elementor-top-column elementor-element elementor-element-b7e1f16\" data-id=\"b7e1f16\" data-element_type=\"column\" data-e-type=\"column\">\n\t\t\t<div class=\"elementor-widget-wrap elementor-element-populated\">\n\t\t\t\t\t\t<section class=\"elementor-section elementor-inner-section elementor-element elementor-element-1847222 elementor-section-boxed elementor-section-height-default elementor-section-height-default\" data-id=\"1847222\" data-element_type=\"section\" data-e-type=\"section\">\n\t\t\t\t\t\t<div class=\"elementor-container elementor-column-gap-default\">\n\t\t\t\t\t<div class=\"elementor-column elementor-col-33 elementor-inner-column elementor-element elementor-element-15b73b7\" data-id=\"15b73b7\" data-element_type=\"column\" data-e-type=\"column\">\n\t\t\t<div class=\"elementor-widget-wrap\">\n\t\t\t\t\t\t\t<\/div>\n\t\t<\/div>\n\t\t\t\t<div class=\"elementor-column elementor-col-33 elementor-inner-column elementor-element elementor-element-b320af7\" data-id=\"b320af7\" data-element_type=\"column\" data-e-type=\"column\">\n\t\t\t<div class=\"elementor-widget-wrap elementor-element-populated\">\n\t\t\t\t\t\t<div class=\"elementor-element elementor-element-aae4061 elementor-widget elementor-widget-text-editor\" data-id=\"aae4061\" data-element_type=\"widget\" data-e-type=\"widget\" data-widget_type=\"text-editor.default\">\n\t\t\t\t<div class=\"elementor-widget-container\">\n\t\t\t\t\t\t\t\t\t<p>N\u00e3o \u00e9 novidade que o simplismo do qual o senso comum hodierno est\u00e1 eivado, tem tornado cada vez mais despiciendo o conceito de que esfor\u00e7o, ren\u00fancias e sacrif\u00edcios, sejam pressupostos inexpugn\u00e1veis do caminho que leva \u00e0 virtude, em torno da qual se manifesta o sucesso t\u00e3o almejado, quanto conspurcado.<\/p><p>Cada vez mais presentes em nosso cotidiano, objurgat\u00f3rias metuendas, que revelam a natureza pusil\u00e2nime de n\u00e9scios que se autointitulam autoridades nos mais variados temas, fomentam sofismas contempor\u00e2neos, engendrados de forma axiom\u00e1tica a partir de premissas \u00f3bvias &#8211; portanto, isoladamente verdadeiras -, mas que sugerem conclus\u00f5es falsas, por\u00e9m, referendadas pelo senso comum, na medida em que a ader\u00eancia massificada e est\u00f3lida, confere \u201cautoridade\u201d \u00e0s infer\u00eancias estapaf\u00fardias propaladas sem nenhum pejo na vitrine dos impolutos.<\/p><p>Este prosc\u00eanio virtual tem se tornado solo f\u00e9rtil para parlendas que enaltecem supostos atalhos, com o impudico desiderato de p\u00f4r apodo a sacrif\u00edcios e esfor\u00e7os que seriam an\u00f3dinos ao fim colimado, deixando a falsa mensagem de que basta acessar um conhecimento m\u00e1gico reservado a uma seleta casta de asseclas que se proponham a aderir ao sodal\u00edcio de \u201covelhas perdidas\u201d que reencontraram o rebanho, para se alcan\u00e7ar o topo do cume.<\/p><p>\u00c9 interessante notar o que enche os olhos da maioria das pessoas sedentas pela \u201cf\u00f3rmula m\u00e1gica\u201d do sucesso, s\u00f3 refor\u00e7a a necessidade cada vez mais premente de se aprimorar o senso cr\u00edtico que deve invariavelmente anteceder a busca por qualquer \u201cconte\u00fado\u201d digital, cujos contornos ret\u00f3ricos emprestados por estrat\u00e9gias contempor\u00e2neas do marketing digital, empobreceram, inclusive, o conceito de eloqu\u00eancia.<\/p><p>At\u00e9 para falar o \u00f3bvio, era necess\u00e1ria uma boa orat\u00f3ria, com recursos lingu\u00edsticos aprimorados, uso escorreito do vern\u00e1culo e outras figuras de linguagem capazes de dar contornos persuasivos ao paneg\u00edrico.<\/p><p>Se a era digital deu novos horizontes ao alcance dos meios de comunica\u00e7\u00e3o, na mesma propor\u00e7\u00e3o criou um mistif\u00f3rio cultural, do qual tem emergido a desconstru\u00e7\u00e3o do prop\u00f3sito acad\u00eamico ou de quaisquer outros crit\u00e9rios legitimados no \u00e2mbito cient\u00edfico que habilite ou que ao menos confira fundamento e veracidade \u00e0s vozes que se proponham a disseminar pseudo-ensinamentos a um p\u00fablico apedeuta atra\u00eddo por aleivosias, que prometem a t\u00e3o sonhada \u201cf\u00f3rmula m\u00e1gica\u201d para o sucesso!<\/p><p>Fomentadas pela cultura da ostenta\u00e7\u00e3o, as credenciais que legitimam e conferem \u201cfundamento\u201d para pr\u00e9dicas parvas acolhidas no seio da contempor\u00e2nea comunidade digital, n\u00e3o est\u00e3o ancoradas em estudos cient\u00edficos ou acad\u00eamicos, mas na jact\u00e2ncia do proditor, que aposta na predisposi\u00e7\u00e3o, inerente aos anseios humanos ocultados no subconsciente, que impulsiona a maioria das pessoas a buscar alcan\u00e7ar o sucesso almejado, despendendo o m\u00ednimo esfor\u00e7o, o que tem enfraquecido o consagrado esc\u00f3lio segundo o qual o sacrif\u00edcio seja o caminho da reden\u00e7\u00e3o, tanto no \u00e2mbito espiritual quanto no que concerne \u00e0s aspira\u00e7\u00f5es humanas relacionadas ao sucesso t\u00e3o cobi\u00e7ado e t\u00e3o desconhecido quanto distante.<\/p><p>O que, em certa medida, n\u00e3o desmente a premissa deturpada ancorada no sucesso ostentado pelo intimorato predicante, legitimado n\u00e3o por suas supostas conquistas materiais (como quer incutir em seus paneg\u00edricos), mas sim pela incauta ader\u00eancia de seus pr\u00f3prios sequazes, tra\u00eddos por sua avidez ind\u00f4mita e absoluta avers\u00e3o a qualquer tipo de sacrif\u00edcio ou ren\u00fancia.<\/p><p>O mistif\u00f3rio de mantras perfunct\u00f3rios, medrado no prosc\u00eanio da parlanda virtual, antes arrefece do que legitima a ret\u00f3rica emanada dos proficientes em chocarrices e baz\u00f3fias, cuja autoridade n\u00e3o lhe \u00e9 conferida pela pros\u00e1pia ostentada (como quer parecer em suas pr\u00e9dicas falaciosas), mas antes legitimada pelos pr\u00f3prios asseclas sedentos pela busca hedonista do sucesso!<\/p><p>A linguagem casti\u00e7a empregada, desde o pr\u00f3logo at\u00e9 a conclus\u00e3o desta verrina, revela, em tom ir\u00f4nico confesso, o quanto a ret\u00f3rica pode revelar ou esconder em sua teia sedutora; donde emerge a inequ\u00edvoca ila\u00e7\u00e3o de que, no final das contas, cabe ao destinat\u00e1rio o exerc\u00edcio do tiroc\u00ednio cr\u00edtico, respons\u00e1vel, em \u00faltima an\u00e1lise, pela \u201clegitima\u00e7\u00e3o\u201d do tema em voga no seio da comunidade virtual!<\/p><p><a href=\"https:\/\/bmmlaw.adv.br\/en\/dr-rafael-buzzo-de-matos\/\" target=\"_blank\" rel=\"noopener\">(Rafael Matos)<\/a><\/p>\t\t\t\t\t\t\t\t<\/div>\n\t\t\t\t<\/div>\n\t\t\t\t\t<\/div>\n\t\t<\/div>\n\t\t\t\t<div class=\"elementor-column elementor-col-33 elementor-inner-column elementor-element elementor-element-ce777fa\" data-id=\"ce777fa\" data-element_type=\"column\" data-e-type=\"column\">\n\t\t\t<div class=\"elementor-widget-wrap\">\n\t\t\t\t\t\t\t<\/div>\n\t\t<\/div>\n\t\t\t\t\t<\/div>\n\t\t<\/section>\n\t\t\t\t<div class=\"elementor-element elementor-element-75fa8c2 elementor-widget elementor-widget-spacer\" data-id=\"75fa8c2\" data-element_type=\"widget\" data-e-type=\"widget\" data-widget_type=\"spacer.default\">\n\t\t\t\t<div class=\"elementor-widget-container\">\n\t\t\t\t\t\t\t<div class=\"elementor-spacer\">\n\t\t\t<div class=\"elementor-spacer-inner\"><\/div>\n\t\t<\/div>\n\t\t\t\t\t\t<\/div>\n\t\t\t\t<\/div>\n\t\t\t\t\t<\/div>\n\t\t<\/div>\n\t\t\t\t\t<\/div>\n\t\t<\/section>\n\t\t\t\t<\/div>","protected":false},"excerpt":{"rendered":"<p>N\u00e3o \u00e9 novidade que o simplismo do qual o senso comum hodierno est\u00e1 eivado, tem tornado cada vez mais despiciendo o conceito de que esfor\u00e7o, ren\u00fancias e sacrif\u00edcios, sejam pressupostos inexpugn\u00e1veis do caminho que leva \u00e0 virtude, em torno da qual se manifesta o sucesso t\u00e3o almejado, quanto conspurcado. Cada vez mais presentes em nosso &hellip;<\/p>\n<p class=\"read-more\"> <a class=\"\" href=\"https:\/\/bmmlaw.adv.br\/en\/a-era-digital-e-as-redes-sociais-proscenio-dos-apedeutas\/\"> <span class=\"screen-reader-text\">A era digital e as redes sociais &#8211; prosc\u00eanio dos apedeutas<\/span> Read More &raquo;<\/a><\/p>","protected":false},"author":1,"featured_media":0,"parent":0,"menu_order":0,"comment_status":"closed","ping_status":"closed","template":"elementor_header_footer","meta":{"footnotes":""},"class_list":["post-203","page","type-page","status-publish","hentry"],"_links":{"self":[{"href":"https:\/\/bmmlaw.adv.br\/en\/wp-json\/wp\/v2\/pages\/203","targetHints":{"allow":["GET"]}}],"collection":[{"href":"https:\/\/bmmlaw.adv.br\/en\/wp-json\/wp\/v2\/pages"}],"about":[{"href":"https:\/\/bmmlaw.adv.br\/en\/wp-json\/wp\/v2\/types\/page"}],"author":[{"embeddable":true,"href":"https:\/\/bmmlaw.adv.br\/en\/wp-json\/wp\/v2\/users\/1"}],"replies":[{"embeddable":true,"href":"https:\/\/bmmlaw.adv.br\/en\/wp-json\/wp\/v2\/comments?post=203"}],"version-history":[{"count":0,"href":"https:\/\/bmmlaw.adv.br\/en\/wp-json\/wp\/v2\/pages\/203\/revisions"}],"wp:attachment":[{"href":"https:\/\/bmmlaw.adv.br\/en\/wp-json\/wp\/v2\/media?parent=203"}],"curies":[{"name":"wp","href":"https:\/\/api.w.org\/{rel}","templated":true}]}}

A era digital e as redes sociais &#8211; proscênio dos apedeutas

<div data-elementor-type="wp-page" data-elementor-id="203" class="elementor elementor-203">
						<section class="elementor-section elementor-top-section elementor-element elementor-element-948572c elementor-section-boxed elementor-section-height-default elementor-section-height-default" data-id="948572c" data-element_type="section" data-e-type="section">
						<div class="elementor-container elementor-column-gap-default">
					<div class="elementor-column elementor-col-100 elementor-top-column elementor-element elementor-element-eb9722d" data-id="eb9722d" data-element_type="column" data-e-type="column">
			<div class="elementor-widget-wrap">
							</div>
		</div>
					</div>
		</section>
				<section class="elementor-section elementor-top-section elementor-element elementor-element-bbbc554 elementor-section-boxed elementor-section-height-default elementor-section-height-default" data-id="bbbc554" data-element_type="section" data-e-type="section">
						<div class="elementor-container elementor-column-gap-default">
					<div class="elementor-column elementor-col-100 elementor-top-column elementor-element elementor-element-b7e1f16" data-id="b7e1f16" data-element_type="column" data-e-type="column">
			<div class="elementor-widget-wrap elementor-element-populated">
						<section class="elementor-section elementor-inner-section elementor-element elementor-element-1847222 elementor-section-boxed elementor-section-height-default elementor-section-height-default" data-id="1847222" data-element_type="section" data-e-type="section">
						<div class="elementor-container elementor-column-gap-default">
					<div class="elementor-column elementor-col-33 elementor-inner-column elementor-element elementor-element-15b73b7" data-id="15b73b7" data-element_type="column" data-e-type="column">
			<div class="elementor-widget-wrap">
							</div>
		</div>
				<div class="elementor-column elementor-col-33 elementor-inner-column elementor-element elementor-element-b320af7" data-id="b320af7" data-element_type="column" data-e-type="column">
			<div class="elementor-widget-wrap elementor-element-populated">
						<div class="elementor-element elementor-element-aae4061 elementor-widget elementor-widget-text-editor" data-id="aae4061" data-element_type="widget" data-e-type="widget" data-widget_type="text-editor.default">
				<div class="elementor-widget-container">
									<p>Não é novidade que o simplismo do qual o senso comum hodierno está eivado, tem tornado cada vez mais despiciendo o conceito de que esforço, renúncias e sacrifícios, sejam pressupostos inexpugnáveis do caminho que leva à virtude, em torno da qual se manifesta o sucesso tão almejado, quanto conspurcado.</p><p>Cada vez mais presentes em nosso cotidiano, objurgatórias metuendas, que revelam a natureza pusilânime de néscios que se autointitulam autoridades nos mais variados temas, fomentam sofismas contemporâneos, engendrados de forma axiomática a partir de premissas óbvias &#8211; portanto, isoladamente verdadeiras -, mas que sugerem conclusões falsas, porém, referendadas pelo senso comum, na medida em que a aderência massificada e estólida, confere “autoridade” às inferências estapafúrdias propaladas sem nenhum pejo na vitrine dos impolutos.</p><p>Este proscênio virtual tem se tornado solo fértil para parlendas que enaltecem supostos atalhos, com o impudico desiderato de pôr apodo a sacrifícios e esforços que seriam anódinos ao fim colimado, deixando a falsa mensagem de que basta acessar um conhecimento mágico reservado a uma seleta casta de asseclas que se proponham a aderir ao sodalício de “ovelhas perdidas” que reencontraram o rebanho, para se alcançar o topo do cume.</p><p>É interessante notar o que enche os olhos da maioria das pessoas sedentas pela “fórmula mágica” do sucesso, só reforça a necessidade cada vez mais premente de se aprimorar o senso crítico que deve invariavelmente anteceder a busca por qualquer “conteúdo” digital, cujos contornos retóricos emprestados por estratégias contemporâneas do marketing digital, empobreceram, inclusive, o conceito de eloquência.</p><p>Até para falar o óbvio, era necessária uma boa oratória, com recursos linguísticos aprimorados, uso escorreito do vernáculo e outras figuras de linguagem capazes de dar contornos persuasivos ao panegírico.</p><p>Se a era digital deu novos horizontes ao alcance dos meios de comunicação, na mesma proporção criou um mistifório cultural, do qual tem emergido a desconstrução do propósito acadêmico ou de quaisquer outros critérios legitimados no âmbito científico que habilite ou que ao menos confira fundamento e veracidade às vozes que se proponham a disseminar pseudo-ensinamentos a um público apedeuta atraído por aleivosias, que prometem a tão sonhada “fórmula mágica” para o sucesso!</p><p>Fomentadas pela cultura da ostentação, as credenciais que legitimam e conferem “fundamento” para prédicas parvas acolhidas no seio da contemporânea comunidade digital, não estão ancoradas em estudos científicos ou acadêmicos, mas na jactância do proditor, que aposta na predisposição, inerente aos anseios humanos ocultados no subconsciente, que impulsiona a maioria das pessoas a buscar alcançar o sucesso almejado, despendendo o mínimo esforço, o que tem enfraquecido o consagrado escólio segundo o qual o sacrifício seja o caminho da redenção, tanto no âmbito espiritual quanto no que concerne às aspirações humanas relacionadas ao sucesso tão cobiçado e tão desconhecido quanto distante.</p><p>O que, em certa medida, não desmente a premissa deturpada ancorada no sucesso ostentado pelo intimorato predicante, legitimado não por suas supostas conquistas materiais (como quer incutir em seus panegíricos), mas sim pela incauta aderência de seus próprios sequazes, traídos por sua avidez indômita e absoluta aversão a qualquer tipo de sacrifício ou renúncia.</p><p>O mistifório de mantras perfunctórios, medrado no proscênio da parlanda virtual, antes arrefece do que legitima a retórica emanada dos proficientes em chocarrices e bazófias, cuja autoridade não lhe é conferida pela prosápia ostentada (como quer parecer em suas prédicas falaciosas), mas antes legitimada pelos próprios asseclas sedentos pela busca hedonista do sucesso!</p><p>A linguagem castiça empregada, desde o prólogo até a conclusão desta verrina, revela, em tom irônico confesso, o quanto a retórica pode revelar ou esconder em sua teia sedutora; donde emerge a inequívoca ilação de que, no final das contas, cabe ao destinatário o exercício do tirocínio crítico, responsável, em última análise, pela “legitimação” do tema em voga no seio da comunidade virtual!</p><p><a href="https://bmmlaw.adv.br/en/dr-rafael-buzzo-de-matos/" target="_blank" rel="noopener">(Rafael Matos)</a></p>								</div>
				</div>
					</div>
		</div>
				<div class="elementor-column elementor-col-33 elementor-inner-column elementor-element elementor-element-ce777fa" data-id="ce777fa" data-element_type="column" data-e-type="column">
			<div class="elementor-widget-wrap">
							</div>
		</div>
					</div>
		</section>
				<div class="elementor-element elementor-element-75fa8c2 elementor-widget elementor-widget-spacer" data-id="75fa8c2" data-element_type="widget" data-e-type="widget" data-widget_type="spacer.default">
				<div class="elementor-widget-container">
							<div class="elementor-spacer">
			<div class="elementor-spacer-inner"></div>
		</div>
						</div>
				</div>
					</div>
		</div>
					</div>
		</section>
				</div>

<p>Não é novidade que o simplismo do qual o senso comum hodierno está eivado, tem tornado cada vez mais despiciendo o conceito de que esforço, renúncias e sacrifícios, sejam pressupostos inexpugnáveis do caminho que leva à virtude, em torno da qual se manifesta o sucesso tão almejado, quanto conspurcado. Cada vez mais presentes em nosso &hellip;</p>
<p class="read-more"> <a class="" href="https://bmmlaw.adv.br/en/a-era-digital-e-as-redes-sociais-proscenio-dos-apedeutas/"> <span class="screen-reader-text">A era digital e as redes sociais &#8211; proscênio dos apedeutas</span> Read More &raquo;</a></p>
